2 + 475*z + 1068. What is y(-12)?
120
Let r(z) = 9*z**2 + 277*z - 1251. Calculate r(4).
1
Let g(r) = 2*r**3 + 32*r**2 - 41*r + 239. What is g(-15)?
1304
Let z(f) = -f**3 - 27*f**2 - 118*f - 741. What is z(-23)?
-143
Let i(l) = 30*l**3 - 21*l**2 + 254*l - 264. What is i(1)?
-1
Let b(t) = 3865*t + 1975055. Give b(-511).
40
Let v(o) = 39*o**2 + 116*o + 622. What is v(-5)?
1017
Let f(d) = 3*d**3 - 14*d**2 - 582*d + 3372. Calculate f(6).
24
Let s(c) = 2*c**2 - 3546*c + 59895. Give s(17).
191
Let c(f) = 9240*f + 304922. Calculate c(-33).
2
Let s(t) = 240768*t + 7704568. Determine s(-32).
-8
Let v(u) = u**3 + 26*u**2 - 611*u + 259. What is v(-41)?
95
Let t(i) = 4*i**2 - 1072*i + 851. Give t(267).
-217
Let u(t) = -3265*t - 989279. What is u(-303)?
16
Let w(f) = 9*f**3 + 108*f**2 + 204*f - 23. Calculate w(-2).
-71
Let i(x) = -134539*x + 1076248. Determine i(8).
-64
Let q(x) = -2*x**2 - 148*x - 1507. Determine q(-62).
-19
Let x(f) = -10*f**2 - 10*f + 93. Give x(6).
-327
Let n(p) = -226*p + 2590. Determine n(16).
-1026
Let g(j) = -654*j + 53552. Determine g(80).
1232
Let z(c) = 2*c**3 - 2830*c**2 + 381692*c + 5431. What is z(151)?
-5
Let m(t) = t**3 - 48*t**2 + 423*t + 1803. What is m(34)?
1
Let q(y) = -5192*y - 22671. What is q(-5)?
3289
Let d(h) = h**3 - h**2 - 448*h + 2179. Determine d(5).
39
Let w(r) = 25*r**2 + 314*r - 1370. Calculate w(-16).
6
Let i(h) = -2*h**2 - 1345*h - 64514. Give i(-52).
18
Let h(u) = 2*u**3 + 289*u**2 - 39009*u - 557. What is h(85)?
-47
Let a(v) = 12*v**3 - 161*v**2 - 79*v - 250. Give a(14).
16
Let v(l) = 28*l**2 - 4503*l + 12482. What is v(158)?
0
Let w(y) = -y**3 - 32*y**2 + 276*y + 10065. What is w(-30)?
-15
Let u(t) = t**3 - 47*t**2 - 47*t + 3985. Calculate u(46).
-293
Let d(u) = 345254*u + 1035738. What is d(-3)?
-24
Let i(s) = -595*s - 9516. What is i(-16)?
4
Let l(o) = 15*o**3 - o**2 + 9*o - 70. Calculate l(4).
910
Let x(l) = l**2 - 1888*l + 328624. Determine x(194).
-12
Let t(v) = v**3 + 4*v**2 - 3681*v - 25816. What is t(-7)?
-196
Let w(o) = -23*o**2 - 1777*o - 33059. Calculate w(-46).
15
Let d(o) = -41*o - 230. What is d(20)?
-1050
Let p(a) = -2*a**3 + 45*a**2 - 809*a + 5099. Determine p(9).
5
Let n(p) = -110*p - 2338. Determine n(-21).
-28
Let f(o) = -8*o**2 - 808*o - 7886. Give f(-90).
34
Let f(d) = -58*d**3 + 76*d**2 - 27*d - 2. Calculate f(2).
-216
Let n(o) = -o**2 + 343*o + 116863. Determine n(-211).
-31
Let x(g) = -g**3 - 9*g**2 + 1099*g - 254. What is x(-38)?
-140
Let j(q) = -178441*q + 1784415. Determine j(10).
5
Let l(h) = h**2 - 1136*h - 1456931. What is l(-766)?
1
Let j(t) = 180*t**2 - 1350*t + 119. Determine j(8).
839
Let s(r) = -r**3 + 69*r**2 - 58*r - 226. Determine s(68).
454
Let h(d) = d**2 - 100*d + 1264. Give h(85).
-11
Let u(v) = -20*v**3 - 8*v**2 - 95*v - 157. What is u(-2)?
161
Let q(s) = -2*s**3 - 889*s**2 - 536*s - 38114. What is q(-444)?
2734
Let g(b) = -128*b + 3892. What is g(33)?
-332
Let o(n) = 9644*n + 520706. What is o(-54)?
-70
Let w(k) = 105*k - 6999. Calculate w(67).
36
Let h(n) = -n**3 - 57*n**2 + 675*n + 22627. What is h(-62)?
-3
Let o(g) = -2*g**3 - 22*g**2 + 136*g + 79. Give o(6).
-329
Let c(q) = 2740*q**2 - 19182*q + 33. Give c(7).
19
Let q(i) = 3*i**3 + 123*i**2 - 394*i + 90. Give q(-44).
2
Let i(o) = -9*o**2 + 2764*o - 2766. Determine i(1).
-11
Let d(l) = 3*l**3 + 1090*l**2 + 3611*l + 3964. Calculate d(-360).
4
Let h(x) = -2*x**2 + 20*x + 25463. What is h(-108)?
-25
Let a(q) = 3287*q + 72681. Determine a(-22).
367
Let y(b) = 57870*b - 2604157. Give y(45).
-7
Let p(x) = 2*x**2 + 68*x - 547. Give p(17).
1187
Let n(h) = h**3 - 513*h**2 + 64979*h + 240. Determine n(228).
12
Let r(w) = -184*w - 598. Give r(-6).
506
Let z(d) = 6681459*d - 9. Give z(0).
-9
Let d(a) = -18381*a - 147045. Determine d(-8).
3
Let a(y) = -2*y**2 + 8930*y - 1068095. Give a(123).
37
Let u(i) = -i**3 + 199*i**2 - 1907*i + 180. Determine u(10).
10
Let b(d) = -876*d - 42569. Calculate b(-48).
-521
Let r(i) = 116*i - 5365. What is r(49)?
319
Let f(w) = 14405*w**2 - 86426*w - 11. Calculate f(6).
13
Let t(d) = -247*d - 13625. Determine t(-36).
-4733
Let j(q) = -38*q**2 - 21389*q + 67383. Determine j(-566).
29
Let k(u) = 6*u**2 + 15*u - 8. Give k(22).
3226
Let p(t) = -4*t**3 - 27*t**2 + 80*t + 730. Determine p(-7).
219
Let g(i) = -i**3 + 20*i**2 - 182*i + 2618. Give g(18).
-10
Let c(d) = -21*d**3 - 314*d**2 - 106. Determine c(-15).
119
Let s(h) = -77*h**3 + 62*h**2 + 164*h - 1. Determine s(-3).
2144
Let z(v) = -2*v**3 - 273*v**2 + 3926*v - 32. What is z(13)?
475
Let w(z) = z**3 - 23*z**2 + 1342*z - 21086. Give w(17).
-6
Let s(c) = c**3 + 11*c**2 + 815*c + 16930. Calculate s(-18).
-8
Let t(p) = -4*p**3 - 234*p**2 - 1529*p + 62. What is t(-51)?
11
Let o(h) = 241*h + 45808. Calculate o(-189).
259
Let s(g) = 955*g + 83044. Determine s(-87).
-41
Let w(b) = -17641*b - 1023155. Determine w(-58).
23
Let w(v) = v**3 - 22*v**2 - 1118*v + 4823. Calculate w(4).
63
Let q(r) = 2*r**2 + 113860*r - 569318. Give q(5).
32
Let d(b) = 608*b**2 - 6075*b + 7. Determine d(10).
57
Let m(p) = 2318514*p + 2318514. Determine m(-1).
0
Let d(f) = 8*f**2 + 168*f + 923. What is d(-6)?
203
Let h(w) = w**3 + 243*w**2 + 486*w + 967. Calculate h(-241).
3
Let f(g) = -1116*g + 84238. Give f(75).
538
Let s(b) = 2*b**3 + 805*b**2 + 52*b + 183372. Determine s(-403).
7
Let b(q) = q**3 + 3*q**2 + 385352*q + 1541430. Determine b(-4).
6
Let i(w) = -w**3 + 16*w**2 + 59*w - 744. Calculate i(8).
240
Let t(l) = -9*l**3 - 69*l**2 - 7*l - 190. Give t(-8).
58
Let y(z) = -2792*z - 2213. Give y(-1).
579
Let y(c) = 1114*c + 319699. Give y(-287).
-19
Let d(s) = 10*s**3 + 11*s**2 - 41*s - 189. What is d(-4)?
-489
Let t(x) = -x**2 - 98*x - 2616. Determine t(-27).
-699
Let b(c) = -c**3 + 63*c**2 + 228*c - 1982. Calculate b(66).
-2
Let j(w) = w**2 + 762*w - 9469. Calculate j(12).
-181
Let i(o) = 27*o**2 - 150*o + 1605. What is i(11)?
3222
Let p(r) = 6*r**2 + 22*r - 12. Give p(6).
336
Let m(d) = 5257*d - 536199. Give m(102).
15
Let f(u) = 3589*u - 61054. Determine f(17).
-41
Let w(v) = 1589*v - 4592. Determine w(3).
175
Let b(z) = -z**3 - 36679*z + 257105. Give b(7).
9
Let p(m) = m**3 - 45*m**2 + 10540*m - 367764. Calculate p(36).
12
Let b(v) = -v**3 - 304*v**2 - 511*v - 63228. Give b(-303).
-204
Let f(s) = 2*s**3 + 892*s**2 - 1788*s + 1774. Give f(-448).
-18
Let t(u) = u**2 - 4493*u + 182583. Determine t(41).
51
Let l(h) = -14*h**2 - 30*h + 746. Calculate l(8).
-390
Let k(x) = -14*x**2 - 5577*x + 14816. Calculate k(-401).
-21
Let y(b) = 3*b**3 + 20*b**2 - 53*b - 45. Determine y(5).
565
Let h(d) = 257*d + 1346. Give h(-5).
61
Let d(z) = 398*z**2 - 114*z + 218. What is d(2)?
1582
Let g(o) = -4042*o + 290275. What is g(72)?
-749
Let v(c) = 2*c**2 - 452*c - 73045. Determine v(-109).
-15
Let y(p) = -971801*p - 3887204. Calculate y(-4).
0
Let y(o) = -214*o + 372. Give y(-1).
586
Let j(k) = 7*k**2 - 194*k + 620. Give j(24).
-4
Let u(f) = -5*f**3 - 724*f**2 + 146*f + 134. Give u(-145).
-11
Let z(g) = g**2 - 3742*g + 41034. Determine z(11).
-7
Let t(m) = m**2 - 995*m + 225167. Give t(348).
11
Let p(k) = k**3 - 40*k**2 + 2900*k - 120625. Give p(41).
-44
Let s(g) = -g**3 + 4*g**2 - 28*g - 376. Calculate s(-5).
-11
Let c(x) = -21*x**2 - 5124*x + 630. Give c(-244).
630
Let w(c) = 5*c**3 + 402*c**2 + 275*c + 9349. Determine w(-80).
149
Let w(s) = 2*s**3 - 82*s**2 + 120*s - 841. Calculate w(40).
759
Let c(z) = -721*z - 26189. What is c(-38)?
1209
Let w(q) = q**3 - 129*q**2 + 4047*q + 210. What is w(54)?
48
Let v(q) = 32482*q - 811879. Calculate v(25).
171
Let l(u) = -u**3 + 13*u**2 + 1004*u + 3032. What is l(40)?
-8
Let w(u) = 3995*u + 363540. What is w(-91)?
-5
Let u(n) = -13*n**3 + 205*n**2 + 1354*n + 13. Give u(-5).
-7
Let s(z) = 134*z + 7155. What is s(-54)?
-81
Let a(s) = -7*s**2 + 25*s + 335. Calculate a(-9).
-457
Let v(l) = -263*l + 3432. What is v(5)?
2117
Let o(k) = 2912*k + 25689. What is o(-9)?
-519
Let q(p) = 9958*p - 5745678. Determine q(577).
88
Let q(z) = z**3 + 170*z**2 - 133*z + 6553. Calculate q(-171).
55
Let b(r) = -4*r**2 + 116*r - 895. What is b(17)?
-79
Let o(p) = -p**2 + 76767*p - 383817. Determine o(5).
-7
Let s(x) = -x**3 - 136*x**2 + 854*x - 20. Calculate s(6).
-8
Let p(t) = 235*t**2 + 12436*t - 993. What is p(-53)?
14
Let r(y) = -2*y**3 + 229*y**2 + 587*y 